{"id":52,"date":"2023-03-13T06:31:44","date_gmt":"2023-03-13T06:31:44","guid":{"rendered":"https:\/\/hebotradgard.se\/?page_id=52"},"modified":"2023-03-21T15:22:05","modified_gmt":"2023-03-21T15:22:05","slug":"reko","status":"publish","type":"page","link":"https:\/\/hebotradgard.se\/?page_id=52","title":{"rendered":"Reko"},"content":{"rendered":"\n<div class=\"wp-block-media-text alignwide is-stacked-on-mobile\"><figure class=\"wp-block-media-text__media\"><img loading=\"lazy\" decoding=\"async\" width=\"1024\" height=\"362\" src=\"https:\/\/hebotradgard.se\/wp-content\/uploads\/2023\/03\/logga-reko-text-1-1040x368-2-1024x362.jpg\" alt=\"\" class=\"wp-image-185 size-full\" srcset=\"https:\/\/hebotradgard.se\/wp-content\/uploads\/2023\/03\/logga-reko-text-1-1040x368-2-1024x362.jpg 1024w, https:\/\/hebotradgard.se\/wp-content\/uploads\/2023\/03\/logga-reko-text-1-1040x368-2-300x106.jpg 300w, https:\/\/hebotradgard.se\/wp-content\/uploads\/2023\/03\/logga-reko-text-1-1040x368-2-768x272.jpg 768w, https:\/\/hebotradgard.se\/wp-content\/uploads\/2023\/03\/logga-reko-text-1-1040x368-2-170x60.jpg 170w, https:\/\/hebotradgard.se\/wp-content\/uploads\/2023\/03\/logga-reko-text-1-1040x368-2.jpg 1040w\" sizes=\"auto, (max-width: 1024px) 100vw, 1024px\" \/><\/figure><div class=\"wp-block-media-text__content\">\n<p>Vi s\u00e4ljer v\u00e5ra gr\u00f6nsaker p\u00e5 REKO V\u00e4ster\u00e5s. Utl\u00e4mning sker tisdagar j\u00e4mna veckor p\u00e5 parkeringen vid Vallby Friluftsmuseum klockan 18-18.45. Bli medlem i <a href=\"http:\/\/www.facebook.com\/groups\/443710139306000\">REKO V\u00e4ster\u00e5s<\/a> p\u00e5 facebook eller maila hebo.tradgard@gmail.com f\u00f6r att bli med i v\u00e5r maillista f\u00f6r REKO.<\/p>\n\n\n\n<p>REKO st\u00e5r f\u00f6r Rej\u00e4l Konsumtion och \u00e4r ett s\u00e4tt att handla lokalproducerad mat, helt utan mellanh\u00e4nder. Konsumenter och producenter p\u00e5 en ort g\u00e5r samman och startar en REKO-ring d\u00e4r r\u00e5varor och produkter s\u00e4ljs direkt fr\u00e5n producent till konsument. Enkelt och genialt!<\/p>\n\n\n\n<p><\/p>\n<\/div><\/div>\n","protected":false},"excerpt":{"rendered":"<p>Vi s\u00e4ljer v\u00e5ra gr\u00f6nsaker p\u00e5 REKO V\u00e4ster\u00e5s. Utl\u00e4mning sker tisdagar j\u00e4mna veckor p\u00e5 parkeringen vid Vallby Friluftsmuseum klockan 18-18.45. Bli medlem i REKO V\u00e4ster\u00e5s p\u00e5 &hellip; <\/p>\n","protected":false},"author":1,"featured_media":0,"parent":0,"menu_order":0,"comment_status":"closed","ping_status":"closed","template":"","meta":{"footnotes":""},"class_list":["post-52","page","type-page","status-publish","hentry"],"_links":{"self":[{"href":"https:\/\/hebotradgard.se\/index.php?rest_route=\/wp\/v2\/pages\/52","targetHints":{"allow":["GET"]}}],"collection":[{"href":"https:\/\/hebotradgard.se\/index.php?rest_route=\/wp\/v2\/pages"}],"about":[{"href":"https:\/\/hebotradgard.se\/index.php?rest_route=\/wp\/v2\/types\/page"}],"author":[{"embeddable":true,"href":"https:\/\/hebotradgard.se\/index.php?rest_route=\/wp\/v2\/users\/1"}],"replies":[{"embeddable":true,"href":"https:\/\/hebotradgard.se\/index.php?rest_route=%2Fwp%2Fv2%2Fcomments&post=52"}],"version-history":[{"count":2,"href":"https:\/\/hebotradgard.se\/index.php?rest_route=\/wp\/v2\/pages\/52\/revisions"}],"predecessor-version":[{"id":186,"href":"https:\/\/hebotradgard.se\/index.php?rest_route=\/wp\/v2\/pages\/52\/revisions\/186"}],"wp:attachment":[{"href":"https:\/\/hebotradgard.se\/index.php?rest_route=%2Fwp%2Fv2%2Fmedia&parent=52"}],"curies":[{"name":"wp","href":"https:\/\/api.w.org\/{rel}","templated":true}]}}